 3*x - 200. Suppose k = 3*s - x, 0 = -4*s - 0*s - 2*k + 60. List the prime factors of s.
2
What are the prime factors of -134*(3 - 4) + (-2 - 2)?
2, 5, 13
Let v(g) = 18*g + 4. List the prime factors of v(2).
2, 5
Suppose a + 2*f + 2 = 4*f, 0 = 5*a + 3*f - 42. Suppose j - 31 = -a*x + 2*x, 4*j - 143 = 3*x. What are the prime factors of j?
5, 7
Suppose 0 = -2*s + 5*s. Suppose s = -2*o + 3 + 9. What are the prime factors of ((-18)/12)/(o/(-32))?
2
Let q be -3 - (-3 + (0 - 1)). Let c(i) = 13*i**3 - i**2 + 1. List the prime factors of c(q).
13
Let g be 2/8*0 + 5. Suppose k - 3 = 0, -3*z + 2*k = -1 - g. What are the prime factors of z?
2
List the prime factors of 28 + 5/(-5) + 3.
2, 3, 5
Suppose 2*b = y - 2*b + 4, -y = 5*b - 32. Let h be 3 - 4/(y/(-27)). Let p = -7 + h. List the prime factors of p.
5
Suppose 0*n = -5*t - 2*n + 22, t - 2*n - 2 = 0. What are the prime factors of t?
2
Suppose -4*v + 5*h - 8 = 0, 0*v + 4*h - 13 = v. Suppose 0 = -f - v*f + 40. List the prime factors of f.
2, 5
What are the prime factors of 4*(-3)/18 - 304/(-6)?
2, 5
Let h(l) = -4*l - 1. Let f be h(-1). Suppose f*z - 2*j - 34 = 0, 0 = 2*z + j - 0*j - 25. What are the prime factors of (z/16)/((-1)/(-12))?
3
Suppose -25 = 4*r - 9*r. Suppose 5*a - r = 10. Suppose -a*n + 10 = c - n, 32 = 3*c + 4*n. List the prime factors of c.
2, 3
Let j(f) = f**2 + 4*f - 3. Suppose -n + 4*n - 5*i = -23, 3*i + 21 = -4*n. List the prime factors of j(n).
3
Suppose -x + 6 = 2*x - 3*f, -2 = f. List the prime factors of x - (-5)/((-5)/(-28)).
2, 7
Suppose -30 = -4*z - 10. Suppose -2*w = g - 6*w + 4, -4*g - 4*w + 24 = 0. Suppose -z*m + 51 = -g. List the prime factors of m.
11
Let r(y) = 2*y**2 + 6*y. Let l be r(-6). Suppose 3*u + 0*u = l. What are the prime factors of u?
2, 3
Let c be -1 - (-3 + 4/(-2)). Suppose -2*a + 22 + c = 0. Let p = a - 4. List the prime factors of p.
3
Let b = -54 + 132. List the prime factors of b.
2, 3, 13
Let n = -10 - -10. Suppose -4*g = -n*g - 80. What are the prime factors of g?
2, 5
Suppose -2*l = 4*w - 660, w - 4*w + l + 495 = 0. Suppose 3*a = -5*v - 118, -3*a - 2*a = 2*v + w. Let c = a - -51. What are the prime factors of c?
2, 5
Suppose 4*q - 36 = 5*t - 2*t, -5*q + 2*t = -38. Let i = q - 4. Suppose 6*w - 32 = i*w. List the prime factors of w.
2
Let w(f) = 4*f**2 - 3*f + 27*f**3 + 4*f**2 - 7 - 21*f**3. Let d(h) = -7*h**3 - 8*h**2 + 4*h + 8. Let b(y) = -5*d(y) - 6*w(y). List the prime factors of b(-8).
2, 3
Let v(r) = -r + 3. Let h be v(4). Let d be (0 + -1)*3/h. Suppose 3*b - z = 16, 0 = -5*b - 0*z - d*z + 22. List the prime factors of b.
5
Let h(i) = i. Let s be 50/15*3/2. Let v be h(s). Suppose -j + 8 = j + 2*y, 0 = -v*j + 2*y + 55. List the prime factors of j.
3
Let m be 156/27 + 2/9. Let h(c) = -c + 8. Let z(d) = 1. Let f(g) = -2*h(g) + 14*z(g). List the prime factors of f(m).
2, 5
Let y(m) = m**2 + 9*m + 9. Let n be y(-8). Let s = 2 + n. What are the prime factors of s?
3
Suppose 5 = -4*a + 1. What are the prime factors of 16/12*(a - -7)?
2
Let l(h) = -2*h**2 + 3*h. Let d be l(2). Let o(q) be the second derivative of q**4/4 + q**3/2 + q**2 + q. What are the prime factors of o(d)?
2
Let c(o) = o**2 + 5*o - 6. Let g be c(-6). Suppose -2*t - 3*t + 5*s = -135, g = 4*t + 3*s - 73. What are the prime factors of t?
2, 11
Let d = 42 + -22. Let m = 41 - d. What are the prime factors of m?
3, 7
Let j = 13 - 12. List the prime factors of 14/(j*(4 + -3)).
2, 7
Suppose -4*p + 2*p + 3*l = -50, 0 = -5*p + l + 112. Suppose 4*r + 4*a = 5*r - p, -r - 2*a = -34. List the prime factors of r.
2, 3, 5
Let f(x) = -x**3 - 13*x**2 - 14*x + 3. What are the prime factors of f(-12)?
3
Suppose -12 = -4*z, -4*z - 26 = -4*w + 66. What are the prime factors of w?
2, 13
Let h(b) be the first derivative of b**2/2 + 21*b - 4. List the prime factors of h(-16).
5
Suppose -5*u - 79 = 1. Let w be (6/4)/((-3)/u). List the prime factors of 2/w*-2*-6.
3
Suppose s + 3*s = 4*c + 120, -5*s - 5*c = -180. List the prime factors of s.
3, 11
Suppose j = -4*d - j + 136, d - 16 = -5*j. What are the prime factors of d?
2, 3
Let d be (-4)/12 + (-51)/9. Let m = 18 + d. List the prime factors of m.
2, 3
Let y(q) be the second derivative of 2*q**3 - q. List the prime factors of y(1).
2, 3
Let s = 16 + -7. Let z = s - -1. What are the prime factors of (z/(-25))/((-1)/25)?
2, 5
Let g(k) = k + 2. Let n be g(8). Suppose -z = 5*b - 26, -2*b = b + z - 16. Let t = n - b. What are the prime factors of t?
5
Let i = 17 + -47. Let h = 56 + i. List the prime factors of h.
2, 13
Let u be (-4)/22 - 48/(-22). Let s = u + 1. What are the prime factors of s?
3
Let m(y) = 2*y**3 - y**2 - 2*y + 2. Let f be m(0). Let h be 2/(19/17 - 1). Suppose 10 = f*w + 5*k - 16, 3*w + 2*k = h. List the prime factors of w.
3
Suppose 5*l - 448 = -23. List the prime factors of l.
5, 17
Let u = -5 + 10. Suppose u*d + 20 = -5, -3*x + 5*d + 160 = 0. What are the prime factors of x?
3, 5
Suppose g + 7 + 1 = 0. Let r = 35 + g. What are the prime factors of r?
3
Let s(l) = 8*l - 6. What are the prime factors of s(3)?
2, 3
Let x(v) = -v**3 + 10*v**2 + 18*v - 7. Let y(u) = -3*u**3 + 29*u**2 + 55*u - 22. Let d(h) = 7*x(h) - 2*y(h). What are the prime factors of d(13)?
2, 17
Suppose 2*v + 5 = w, 0 = -3*w - 2*v + 3 + 4. Suppose 0 = -w*i + 2 + 13. What are the prime factors of (i/(-15))/(1/(-9))?
3
Suppose w = 4*w. Suppose 2*p = 3 - 11, w = 4*k - 2*p - 128. Suppose k - 10 = 5*c. What are the prime factors of c?
2
Suppose -5*q - 10 = 2*m, -q + 2*m + 20 = -2*m. Suppose j - 3*j + 22 = q. What are the prime factors of j?
11
What are the prime factors of 16/(-16) - ((0 - 1) + -104)?
2, 13
Let l be (2 - (0 - -1))*-3. What are the prime factors of (-6 - l) + (-112)/(-4)?
5
Let t(a) = -a**3 + 5*a**2 - 2*a - 4. Suppose -n + 23 = -4*c, -2*c = -3*c - 2*n - 8. Let l(y) = y**2 + 7*y + 9. Let i be l(c). List the prime factors of t(i).
2
Let z be 17/(-1)*(1 + 0). Let a be 6/9 + z/3. What are the prime factors of a*-2*2/4?
5
Suppose 0 = -3*u + 4*q - 671, -u + 228 = -2*u - 3*q. List the prime factors of 2/(-6) - u/27.
2
Let p(g) = g**2 - 6*g - 6. Let k be p(7). Let x be -1 + (k*-2)/(-2). What are the prime factors of (x - 2)/(-2) - -11?
2, 3
Suppose 0 = i - 0*i - 0*i. Let s be (1/(1/17))/1. Suppose i*n = -n + s. What are the prime factors of n?
17
Let a be 17 + (0 - 0) - 2. Suppose l - 2 = 3, -3*n + 3*l + a = 0. List the prime factors of n.
2, 5
Let t(f) = 6*f + 1. Let x be t(-2). Let a = x - -20. List the prime factors of a.
3
Let j(w) be the second derivative of 13*w**6/720 - w**5/120 - w**4/12 - w. Let i(g) be the third derivative of j(g). List the prime factors of i(1).
2, 3
Let u(h) be the third derivative of -3*h**2 - 1/3*h**3 + 0 + 1/30*h**5 - 1/24*h**4 + 0*h. What are the prime factors of u(-3)?
19
Suppose 0 = -0*v - 5*v + 215. What are the prime factors of v?
43
Suppose 4*u - 238 = 2*u - 5*t, 3*t + 270 = 2*u. What are the prime factors of u?
3, 43
Let q = -5 - -6. Suppose 3*j + 6 = -9. List the prime factors of j*6*q/(-2).
3, 5
Let p = -2 - -5. Suppose -2*b - 4*i + 13 = -3*i, -24 = -3*b + p*i. List the prime factors of b.
7
Let z be 58/6 - 2/(-6). Suppose -4*g + 0*g + 11 = -5*c, -2*c = 2*g - z. Suppose -g*n + 5*o = -8*n + 32, 0 = -4*o. What are the prime factors of n?
2
Let d = 263 + -150. List the prime factors of d.
113
Suppose 0 = -2*l + 3*z + 31, z = l - 5*l + 41. List the prime factors of l.
11
Suppose 0 = 3*h - 5*k - 156, 4*k - 5*k = -3. List the prime factors of h.
3, 19
List the prime factors of (-4)/(-14) + (-1704)/(-14).
2, 61
What are the prime factors of 18/6 + 156 + -3?
2, 3, 13
Let t(i) = -3*i + 2. Let a be t(-5). Let h = 24 + a. What are the prime factors of h?
41
Suppose -2*x + 96 = -0*x. Suppose 5*o - 108 = 3*g, -3*o + 5*g = -4 - x. List the prime factors of o.
2, 3
Suppose 2*l = 5 - 1. Suppose 4*a = -3*x + 24, 4*x + 6*a - 25 = 3*a. Suppose 2*g - 52 = -x*h, -l = 2*g - g. What are the prime factors of h?
2, 7
Let m = -6 - -11. Suppose 4*n - 4*h - 4 = 0, -3*h = -6*n + m*n + 9. List the prime factors of (-28)/(-2)*n/(-3).
2, 7
Let q(h) = -h**2 + 6*h + 2. Let m be q(4). Let d be (m - 8)*(1 - 0). Suppose 5*y = -3*b + 12, 0 = d*b - 5*b - 4*y + 12. What are the prime factors of b?
2
Suppose -16 = -2*u + 4*r, -2*r - r - 1 = 4*u. Let j be u/(-8)*(6 + -2). List